{"id":429,"date":"2022-03-08T16:40:38","date_gmt":"2022-03-08T15:40:38","guid":{"rendered":"http:\/\/alquilerdeinstrumentos.com\/?page_id=429"},"modified":"2025-12-17T13:11:32","modified_gmt":"2025-12-17T12:11:32","slug":"mezcladores-2","status":"publish","type":"page","link":"https:\/\/alquilerdeinstrumentos.com\/index.php\/mezcladores-2\/","title":{"rendered":"MESA DE SONIDO"},"content":{"rendered":"<div class='content-column one_half'><div style=\"padding-right:5px;padding-left:5px;\"><strong>Behringer X32 Rack Mezclador Digital formato Rack<\/strong><\/p>\n<p>Mezcladora Digital para Estudo Directo tipo RACK. Mezcladora compacta de 40<br \/>\ncanales y 25 bus, montable en rack 3 Unidades. 16 buses de micr\u00f3fono programables<br \/>\ndise\u00f1ados por Midas. 32 canales de audio a trav\u00e9s de FireWire y USB 2.0, con control<br \/>\nremoto DAW emulaci\u00f3n HUI y Mackie Control. 8 Salidas XLR y 6 lineas adicionales in\/outputs.<\/p>\n<p><img loading=\"lazy\" decoding=\"async\" class=\"sFlh5c FyHeAf iPVvYb aligncenter\" src=\"https:\/\/www.unionmusical.es\/media\/catalog\/product\/0\/1\/019482_1_7861.jpg\" alt=\"BEHRINGER X32 Rack\" width=\"251\" height=\"83\" \/><\/p>\n<p style=\"text-align: center;\">PRECIO DE ALQUILER: 70e<\/p>\n<p>&nbsp;<\/p><\/div><\/div>\n<div class='content-column one_half last_column'><div style=\"padding-right:5px;padding-left:5px;\"><strong>Midas M32R Live<\/strong><\/p>\n<p>Consola digital. 16 entradas de micr\u00f3fono. 8 salidas XLR. 8 DCA y 6 grupos Mute. 17 Faders motorizados. Pantalla a color de 5&#8243;. Interfaz de audio USB de 32&#215;32. 25 Buses de mezcla. DAW Remote Control. Wireless Remote Control v\u00eda IOS App<\/p>\n<p style=\"text-align: center;\"><a href=\"http:\/\/alquilerdeinstrumentos.com\/wp-content\/uploads\/2024\/02\/M32R_P0BI9_Right_XL.png\"><img loading=\"lazy\" decoding=\"async\" class=\"alignnone wp-image-1185 size-medium\" src=\"http:\/\/alquilerdeinstrumentos.com\/wp-content\/uploads\/2024\/02\/M32R_P0BI9_Right_XL-300x199.png\" alt=\"\" width=\"300\" height=\"199\" srcset=\"https:\/\/alquilerdeinstrumentos.com\/wp-content\/uploads\/2024\/02\/M32R_P0BI9_Right_XL-300x199.png 300w, https:\/\/alquilerdeinstrumentos.com\/wp-content\/uploads\/2024\/02\/M32R_P0BI9_Right_XL-1024x680.png 1024w, https:\/\/alquilerdeinstrumentos.com\/wp-content\/uploads\/2024\/02\/M32R_P0BI9_Right_XL-768x510.png 768w, https:\/\/alquilerdeinstrumentos.com\/wp-content\/uploads\/2024\/02\/M32R_P0BI9_Right_XL-1536x1021.png 1536w, https:\/\/alquilerdeinstrumentos.com\/wp-content\/uploads\/2024\/02\/M32R_P0BI9_Right_XL-1320x877.png 1320w, https:\/\/alquilerdeinstrumentos.com\/wp-content\/uploads\/2024\/02\/M32R_P0BI9_Right_XL-600x399.png 600w, https:\/\/alquilerdeinstrumentos.com\/wp-content\/uploads\/2024\/02\/M32R_P0BI9_Right_XL.png 2000w\" sizes=\"auto, (max-width: 300px) 100vw, 300px\" \/><\/a> Precio de alquiler: 70 euros.<\/p><\/div><\/div><div class='clear_column'><\/div>\n<div class='content-column one_half'><div style=\"padding-right:5px;padding-left:5px;\"><strong>SOUNDCRAFT UI24R<\/strong><\/p>\n<p>Wi-Fi de doble banda incorporado elimina la necesidad de un router que proporciona una conexi\u00f3n fiable con hasta 10 dispositivos m\u00f3viles en situaciones cr\u00edticas de la misi\u00f3n. Grabar y mezclar con la calidez de 20 preamplificadores de calidad profesional dise\u00f1ado Studer. Emblem\u00e1tico Lexicon reverb y delay de procesamiento, compresi\u00f3n dbx y supresi\u00f3n de retroalimentaci\u00f3n autom\u00e1tica AFS2. 24 Entradas simult\u00e1neas (10 combo \u00bc &amp; rdquo; TRS\/XLR, 10 XLR, 2 nivel, 2 digital).Ecualizador param\u00e9trico de 4 bandas, filtro de paso alto, compresor, atenuador de sibilantes y puerta de ruido en los canales de entrada. EQ gr\u00e1fico de 31 bandas, puerta de ruido, compresor y dbx\u00ae supresi\u00f3n de retroalimentaci\u00f3n autom\u00e1tica en todas las salidas.<\/p>\n<p style=\"text-align: center;\"><a href=\"http:\/\/alquilerdeinstrumentos.com\/wp-content\/uploads\/2025\/02\/soundcraft-ui24r.jpg\"><img loading=\"lazy\" decoding=\"async\" class=\"alignnone wp-image-1345 \" src=\"http:\/\/alquilerdeinstrumentos.com\/wp-content\/uploads\/2025\/02\/soundcraft-ui24r-248x300.jpg\" alt=\"\" width=\"140\" height=\"169\" srcset=\"https:\/\/alquilerdeinstrumentos.com\/wp-content\/uploads\/2025\/02\/soundcraft-ui24r-248x300.jpg 248w, https:\/\/alquilerdeinstrumentos.com\/wp-content\/uploads\/2025\/02\/soundcraft-ui24r-600x727.jpg 600w, https:\/\/alquilerdeinstrumentos.com\/wp-content\/uploads\/2025\/02\/soundcraft-ui24r.jpg 660w\" sizes=\"auto, (max-width: 140px) 100vw, 140px\" \/><\/a><\/p>\n<p style=\"text-align: center;\">Precio de alquiler: 70 euros.<\/p><\/div><\/div>\n<div class='content-column one_half last_column'><div style=\"padding-right:5px;padding-left:5px;\"><strong>BEHRINGER SD16 Cajet\u00edn de escenario Snake Digital<\/strong><\/p>\n<p>Snake digital Behringer SD16 de 16 canales programables con control remoto de previos y Puerto dual Network AES50 con Tecnologia Klark teknik Supermac con integraci\u00f3n ultranet para los sistemas de monitoreo POWERPLAY P16.<\/p>\n<p style=\"text-align: center;\"><a href=\"http:\/\/alquilerdeinstrumentos.com\/wp-content\/uploads\/2025\/02\/BEHRINGER-SD-16.jpg\"><img loading=\"lazy\" decoding=\"async\" class=\"alignnone wp-image-1346 \" src=\"http:\/\/alquilerdeinstrumentos.com\/wp-content\/uploads\/2025\/02\/BEHRINGER-SD-16-300x150.jpg\" alt=\"\" width=\"180\" height=\"90\" srcset=\"https:\/\/alquilerdeinstrumentos.com\/wp-content\/uploads\/2025\/02\/BEHRINGER-SD-16-300x150.jpg 300w, https:\/\/alquilerdeinstrumentos.com\/wp-content\/uploads\/2025\/02\/BEHRINGER-SD-16.jpg 318w\" sizes=\"auto, (max-width: 180px) 100vw, 180px\" \/><\/a><\/p>\n<p style=\"text-align: center;\">Precio de alquiler: 30 euros.<\/p><\/div><\/div><div class='clear_column'><\/div>\n<div class='content-column one_half'><div style=\"padding-right:5px;padding-left:5px;\"><strong>Midas M 32 C Mezclador Digital Rack<\/strong><\/p>\n<p>Mezclador digital en rack. 40 canales de entrada. Mezclador de 25 buses. 48 canales digitales &#8220;Snake Ready&#8221;. Interfaz de audio de 32 x 32 canales a trav\u00e9s de USB. Salida jack est\u00e9reo de 1\/4&#8243; para monitoreo. Matriz de 6 buses con inserciones. Ecualizador param\u00e9trico de 6 bandas. 8 DVA y 6 grupos de muteo. Rack de efectos virtual<br \/>\nControl remoto a trav\u00e9s de red Ethernet<\/p>\n<p style=\"text-align: center;\"><a href=\"http:\/\/alquilerdeinstrumentos.com\/wp-content\/uploads\/2024\/02\/midas-m-32-c-mezclador-digital-rack.jpg\"><img loading=\"lazy\" decoding=\"async\" class=\"alignnone wp-image-1183 size-medium\" src=\"http:\/\/alquilerdeinstrumentos.com\/wp-content\/uploads\/2024\/02\/midas-m-32-c-mezclador-digital-rack-300x73.jpg\" alt=\"\" width=\"300\" height=\"73\" srcset=\"https:\/\/alquilerdeinstrumentos.com\/wp-content\/uploads\/2024\/02\/midas-m-32-c-mezclador-digital-rack-300x73.jpg 300w, https:\/\/alquilerdeinstrumentos.com\/wp-content\/uploads\/2024\/02\/midas-m-32-c-mezclador-digital-rack.jpg 350w\" sizes=\"auto, (max-width: 300px) 100vw, 300px\" \/><\/a> Precio de alquiler: 70 euros.<\/p><\/div><\/div>\n<div class='content-column one_half last_column'><div style=\"padding-right:5px;padding-left:5px;\"><p style=\"text-align: center;\"><strong>Midas DL16 Caja de escenario digital<\/strong><\/p>\n<p>16 preamplificadores de micr\u00f3fono Midas PRO con alimentaci\u00f3n Phantom de 48 V conmutable. 8 salidas de nivel de l\u00ednea de baja impedancia balanceadas electr\u00f3nicamente. Conectividad del sistema de monitoreo personal ULTRANET para aplicaciones en el o\u00eddo. Conectividad de control y audio digital para sistemas de altavoces Turbosound con capacidad de conexi\u00f3n en red ULTRANET.<\/p>\n<p style=\"text-align: center;\"><a href=\"http:\/\/alquilerdeinstrumentos.com\/wp-content\/uploads\/2024\/02\/midas-ds16-1.png\"><img loading=\"lazy\" decoding=\"async\" class=\"alignnone wp-image-1203\" src=\"http:\/\/alquilerdeinstrumentos.com\/wp-content\/uploads\/2024\/02\/midas-ds16-1-300x106.png\" alt=\"\" width=\"246\" height=\"87\" srcset=\"https:\/\/alquilerdeinstrumentos.com\/wp-content\/uploads\/2024\/02\/midas-ds16-1-300x106.png 300w, https:\/\/alquilerdeinstrumentos.com\/wp-content\/uploads\/2024\/02\/midas-ds16-1.png 350w\" sizes=\"auto, (max-width: 246px) 100vw, 246px\" \/><\/a><\/p>\n<p style=\"text-align: center;\">Precio de alquiler: 40 euros<\/p><\/div><\/div><div class='clear_column'><\/div>\n<div class='content-column one_half'><div style=\"padding-right:5px;padding-left:5px;\"><strong>BEHRINGER S-16<\/strong><\/p>\n<p>Snake digital de 16 canales programables con control remoto de previos y Puerto dual Network AES50 con Tecnolog\u00eda Klark teknik Supermac con integraci\u00f3n ultranet para los sistemas de monitoreo POWERPLAY P16. 8 Xlr otuputs. Meters de display, Dual ADAT outputs, Midi in\/out bidireccional, USB updates. 2 U de rack. Dimensiones: 482x225x89mm.<\/p>\n<p style=\"text-align: center;\"><a href=\"http:\/\/alquilerdeinstrumentos.com\/wp-content\/uploads\/2022\/03\/BEHRINGER-S16.jpg\"><img loading=\"lazy\" decoding=\"async\" class=\"alignnone wp-image-433\" src=\"http:\/\/alquilerdeinstrumentos.com\/wp-content\/uploads\/2022\/03\/BEHRINGER-S16-300x112.jpg\" alt=\"\" width=\"225\" height=\"84\" srcset=\"https:\/\/alquilerdeinstrumentos.com\/wp-content\/uploads\/2022\/03\/BEHRINGER-S16-300x112.jpg 300w, https:\/\/alquilerdeinstrumentos.com\/wp-content\/uploads\/2022\/03\/BEHRINGER-S16.jpg 526w\" sizes=\"auto, (max-width: 225px) 100vw, 225px\" \/><\/a><\/p>\n<p style=\"text-align: center;\">Precio de alquiler: 40 euros.<\/p><\/div><\/div>\n<p>&nbsp;<\/p>\n<p>&nbsp;<\/p>\n<p>&nbsp;<\/p>\n<p>&nbsp;<\/p>\n<p>&nbsp;<\/p>\n<p>&nbsp;<\/p>\n<p>&nbsp;<\/p>\n<p>&nbsp;<\/p>\n<hr \/>\n<h2 style=\"text-align: center;\"><strong>MESAS DE MEZCLAS ANAL\u00d3GICAS<\/strong><\/h2>\n<div class='content-column one_half'><div style=\"padding-right:5px;padding-left:5px;\"><strong>Mesa de Mezcla Yamaha MG 20 XU<\/strong><\/p>\n<p>16 entradas de micr\u00f3fono con preamplificadores de micr\u00f3fono &#8216;D-Pre&#8217; con circuito de conmutaci\u00f3n Darlington invertido (XLR\/jack de 1\/4&#8243;) con alimentaci\u00f3n\u00a0 phantom de +48V (Canales 1-8 con compresor) Ecualizador de 3 bandas semiparam\u00e9tricas Filtro paso alto y atenuador pad de 26dB Efectos incorporados con 24 par\u00e1metros 4 entradas est\u00e9reo (jack de 1\/4&#8243;) con ecualizador de 3 bandas Salida XLR Salida de bus de grupo 4 auxiliares para todos los canales USB con 2 entradas\/salidas est\u00e9reo.<\/p>\n<p style=\"text-align: center;\"><a href=\"http:\/\/alquilerdeinstrumentos.com\/wp-content\/uploads\/2022\/03\/xu-20.jpg\"><img loading=\"lazy\" decoding=\"async\" class=\"alignnone wp-image-436\" src=\"http:\/\/alquilerdeinstrumentos.com\/wp-content\/uploads\/2022\/03\/xu-20-279x300.jpg\" alt=\"\" width=\"126\" height=\"136\" srcset=\"https:\/\/alquilerdeinstrumentos.com\/wp-content\/uploads\/2022\/03\/xu-20-279x300.jpg 279w, https:\/\/alquilerdeinstrumentos.com\/wp-content\/uploads\/2022\/03\/xu-20.jpg 558w\" sizes=\"auto, (max-width: 126px) 100vw, 126px\" \/><\/a><\/p>\n<p style=\"text-align: center;\">Precio de alquiler: 40 euros.<\/p><\/div><\/div>\n<div class='content-column one_half last_column'><div style=\"padding-right:5px;padding-left:5px;\"><p style=\"text-align: center;\"><strong>Mesa de Mezcla Soundcraft de 8 canales.<\/strong><\/p>\n<p style=\"text-align: center;\"><a href=\"http:\/\/alquilerdeinstrumentos.com\/wp-content\/uploads\/2022\/03\/epm6.jpg\"><img loading=\"lazy\" decoding=\"async\" class=\"wp-image-438 aligncenter\" src=\"http:\/\/alquilerdeinstrumentos.com\/wp-content\/uploads\/2022\/03\/epm6-243x300.jpg\" alt=\"\" width=\"99\" height=\"122\" srcset=\"https:\/\/alquilerdeinstrumentos.com\/wp-content\/uploads\/2022\/03\/epm6-243x300.jpg 243w, https:\/\/alquilerdeinstrumentos.com\/wp-content\/uploads\/2022\/03\/epm6-768x948.jpg 768w, https:\/\/alquilerdeinstrumentos.com\/wp-content\/uploads\/2022\/03\/epm6.jpg 810w\" sizes=\"auto, (max-width: 99px) 100vw, 99px\" \/><\/a><\/p>\n<p style=\"text-align: center;\">Precio de alquiler: 20 euros.<\/p><\/div><\/div><div class='clear_column'><\/div>\n<p style=\"text-align: center;\"><strong>SOUNDCRAFT EFX-8<\/strong><\/p>\n<p>El Soundcraft EFX8 es un Mezclador de sobremesa con 32 Efectos Lexicon<br \/>\nintegrados, de 8 entradas.<\/p>\n<p><img loading=\"lazy\" decoding=\"async\" class=\"sFlh5c FyHeAf iPVvYb aligncenter\" src=\"https:\/\/drunkat.es\/upload\/productos\/800x800\/soundcraft_efx8_1.jpg\" alt=\"Soundcraft EFX8\" width=\"134\" height=\"134\" \/><\/p>\n<p style=\"text-align: center;\">PRECIO DE ALQUILER: 30e<\/p>\n","protected":false},"excerpt":{"rendered":"<p>&nbsp; &nbsp; &nbsp; &nbsp; &nbsp; &nbsp; &nbsp; &nbsp; MESAS DE MEZCLAS ANAL\u00d3GICAS SOUNDCRAFT EFX-8 El Soundcraft EFX8 es un Mezclador de sobremesa con 32 Efectos Lexicon integrados, de 8 entradas. PRECIO DE ALQUILER: 30e<\/p>\n","protected":false},"author":1,"featured_media":0,"parent":0,"menu_order":0,"comment_status":"closed","ping_status":"closed","template":"","meta":{"spay_email":"","footnotes":""},"class_list":["post-429","page","type-page","status-publish","hentry"],"_links":{"self":[{"href":"https:\/\/alquilerdeinstrumentos.com\/index.php\/wp-json\/wp\/v2\/pages\/429","targetHints":{"allow":["GET"]}}],"collection":[{"href":"https:\/\/alquilerdeinstrumentos.com\/index.php\/wp-json\/wp\/v2\/pages"}],"about":[{"href":"https:\/\/alquilerdeinstrumentos.com\/index.php\/wp-json\/wp\/v2\/types\/page"}],"author":[{"embeddable":true,"href":"https:\/\/alquilerdeinstrumentos.com\/index.php\/wp-json\/wp\/v2\/users\/1"}],"replies":[{"embeddable":true,"href":"https:\/\/alquilerdeinstrumentos.com\/index.php\/wp-json\/wp\/v2\/comments?post=429"}],"version-history":[{"count":22,"href":"https:\/\/alquilerdeinstrumentos.com\/index.php\/wp-json\/wp\/v2\/pages\/429\/revisions"}],"predecessor-version":[{"id":1477,"href":"https:\/\/alquilerdeinstrumentos.com\/index.php\/wp-json\/wp\/v2\/pages\/429\/revisions\/1477"}],"wp:attachment":[{"href":"https:\/\/alquilerdeinstrumentos.com\/index.php\/wp-json\/wp\/v2\/media?parent=429"}],"curies":[{"name":"wp","href":"https:\/\/api.w.org\/{rel}","templated":true}]}}